6.
2
Convert 3 (base 16) to base 14.
3
Convert 5 (base 8) to base 9.
5
Convert -1010 (base 3) to base 6.
-50
-10 (base 3) to base 8
-3
Convert 100 (base 2) to base 10.
4
Convert 10 (base 3) to base 16.
3
78 (base 16) to base 14
88
Convert -13 (base 4) to base 8.
-7
Convert 1 (base 4) to base 13.
1
Convert 28 (base 13) to base 2.
100010
-1010011 (base 2) to base 10
-83
What is -71 (base 11) in base 8?
-116
What is 54 (base 6) in base 9?
37
Convert -1000 (base 3) to base 11.
-25
What is -a (base 15) in base 6?
-14
Convert 7 (base 10) to base 15.
7
-108 (base 12) to base 15
-a2
-3b (base 14) to base 11
-49
What is 82 (base 14) in base 15?
79
Convert 2 (base 13) to base 7.
2
Convert 5 (base 12) to base 2.
101
Convert -4 (base 16) to base 5.
-4
What is 22 (base 16) in base 9?
37
What is -541 (base 7) in base 14?
-158
1202 (base 4) to base 8
142
-1 (base 15) to base 11
-1
2 (base 12) to base 11
2
What is 5 (base 14) in base 8?
5
What is -1a6 (base 11) in base 3?
-22210
Convert -18 (base 13) to base 6.
-33
What is 14 (base 11) in base 13?
12
What is -19 (base 14) in base 3?
-212
25 (base 7) to base 2
10011
Convert 14 (base 12) to base 8.
20
What is -6 (base 11) in base 13?
-6
1 (base 12) to base 4
1
What is -4 (base 12) in base 4?
-10
60 (base 8) to base 7
66
-1 (base 15) to base 8
-1
-1110100 (base 2) to base 13
-8c
e (base 15) to base 8
16
Convert -8a (base 13) to base 2.
-1110010
0 (base 14) to base 2
0
What is -120 (base 3) in base 10?
-15
Convert 3 (base 8) to base 12.
3
Convert 35 (base 14) to base 5.
142
What is 3 (base 6) in base 3?
10
What is 11 (base 2) in base 10?
3
Convert 59 (base 10) to base 4.
323
Convert -83 (base 12) to base 16.
-63
What is 43 (base 6) in base 2?
11011
What is 45 (base 6) in base 7?
41
21 (base 4) to base 12
9
3 (base 4) to base 11
3
Convert 12b (base 14) to base 15.
10a
-4 (base 9) to base 11
-4
Convert -10111 (base 2) to base 7.
-32
Convert -10110 (base 2) to base 4.
-112
Convert 1 (base 8) to base 15.
1
Convert 314 (base 9) to base 7.
514
What is 22 (base 13) in base 6?
44
3 (base 14) to base 16
3
What is 24 (base 5) in base 7?
20
Convert 52 (base 11) to base 6.
133
-1102 (base 3) to base 8
-46
-99 (base 13) to base 15
-86
22 (base 4) to base 3
101
What is -225 (base 6) in base 5?
-324
-100 (base 2) to base 6
-4
Convert -110 (base 3) to base 13.
-c
67 (base 16) to base 15
6d
21 (base 5) to base 15
b
103 (base 5) to base 14
20
What is -208 (base 9) in base 12?
-122
What is a3 (base 11) in base 7?
221
What is -1 (base 13) in base 2?
-1
Convert 2b (base 12) to base 8.
43
Convert 64 (base 11) to base 6.
154
Convert -100 (base 2) to base 13.
-4
-3 (base 14) to base 8
-3
Convert -30 (base 10) to base 11.
-28
Convert -1 (base 3) to base 8.
-1
What is 11 (base 16) in base 12?
15
Convert 3f (base 16) to base 15.
43
Convert 33 (base 4) to base 14.
11
-25 (base 11) to base 12
-23
Convert 2 (base 8) to base 7.
2
Convert 222 (base 8) to base 6.
402
Convert 1001001 (base 2) to base 12.
61
What is -19 (base 13) in base 14?
-18
What is 0 (base 11) in base 6?
0
-251 (base 7) to base 3
-11222
What is 10011 (base 2) in base 16?
13
Convert 9 (base 14) to base 5.
14
15 (base 13) to base 6
30
Convert 32 (base 9) to base 16.
1d
What is 9 (base 14) in base 15?
9
Convert 45 (base 10) to base 6.
113
-23 (base 14) to base 7
-43
Convert 9 (base 13) to base 4.
21
What is 0 (base 16) in base 12?
0
What is -71 (base 10) in base 9?
-78
Convert 13 (base 5) to base 3.
22
-195 (base 11) to base 10
-225
Convert 101001110 (base 2) to base 3.
110101
What is -102 (base 7) in base 13?
-3c
Convert 28 (base 10) to base 7.
40
2 (base 3) to base 10
2
63 (base 10) to base 16
3f
Convert -202 (base 5) to base 8.
-64
Convert -3 (base 11) to base 13.
-3
Convert -11 (base 8) to base 2.
-1001
What is -1 (base 6) in base 11?
-1
What is 121 (base 3) in base 14?
12
142 (base 9) to base 16
77
Convert -55 (base 8) to base 10.
-45
0 (base 4) to base 13
0
What is -1 (base 10) in base 3?
-1
What is -1 (base 11) in base 15?
-1
What is -2 (base 9) in base 12?
-2
Convert -3 (base 11) to base 10.
-3
231 (base 4) to base 11
41
Convert 16 (base 11) to base 5.
32
Convert -12 (base 3) to base 14.
-5
Convert -32 (base 6) to base 9.
-22
Convert -b (base 16) to base 3.
-102
113 (base 5) to base 7
45
What is -1a9 (base 14) in base 11?
-294
Convert 3 (base 4) to base 15.
3
What is 3 (base 12) in base 2?
11
Convert -2 (base 10) to base 4.
-2
What is -24 (base 11) in base 4?
-122
What is 4 (base 7) in base 6?
4
What is 5 (base 8) in base 6?
5
What is 10 (base 12) in base 14?
c
What is -1 (base 13) in base 11?
-1
What is 4a (base 13) in base 5?
222
-1001000 (base 2) to base 16
-48
2 (base 7) to base 8
2
4 (base 11) to base 4
10
Convert -3 (base 9) to base 14.
-3
What is -1 (base 3) in base 16?
-1
What is -4 (base 8) in base 11?
-4
0 (base 12) to base 5
0
1 (base 2) to base 5
1
Convert -e (base 15) to base 2.
-1110
Convert -4e (base 15) to base 10.
-74
What is 67 (base 14) in base 10?
91
56 (base 11) to base 9
67
-4 (base 12) to base 7
-4
-10 (base 14) to base 2
-1110
-37 (base 13) to base 9
-51
-c (base 14) to base 2
-1100
-184 (base 15) to base 12
-251
Convert -10 (base 13) to base 7.
-16
10 (base 3) to base 16
3
What is -1022 (base 3) in base 13?
-29
-4 (base 11) to base 7
-4
-22 (base 8) to base 2
-10010
What is 202 (base 3) in base 11?
19
Convert 6 (base 10) to base 12.
6
What is 5 (base 10) in base 11?
5
-a (base 14) to base 11
-a
a6 (base 12) to base 10
126
What is -221 (base 3) in base 5?
-100
What is 1303 (base 4) in base 5?
430
Convert -11 (base 3) to base 4.
-10
-120 (base 6) to base 3
-1210
What is 2 (base 10) in base 12?
2
Convert 1 (base 14) to base 7.
1
1 (base 5) to base 8
1
What is 33 (base 10) in base 5?
113
Convert -29 (base 15) to base 6.
-103
Convert -144 (base 11) to base 6.
-441
Convert -6 (base 9) to base 12.
-6
Convert -1 (base 3) to base 9.
-1
10 (base 2) to base 8
2
What is 11 (base 10) in base 3?
102
23 (base 13) to base 12
25
1011100 (base 2) to base 10
92
Convert -10 (base 5) to base 11.
-5
Convert 18 (base 11) to base 14.
15
What is 2 (base 6) in base 8?
2
-a (base 15) to base 12
-a
Convert -10 (base 3) to base 6.
-3
Convert -31 (base 11) to base 15.
-24
4 (base 8) to base 3
11
What is -100010 (base 2) in base 3?
-1021
Convert -2 (base 5) to base 8.
-2
What is 1 (base 2) in base 7?
1
Convert -100 (base 2) to base 8.
-4
-11000 (base 3) to base 9
-130
What is 3 (base 12) in base 16?
3
Convert 136 (base 12) to base 16.
ba
Convert -122 (base 6) to base 3.
-1212
What is -1333 (base 5) in base 7?
-431
Convert 0 (base 9) to base 7.
0
What is -2 (base 12) in base 5?
-2
1 (base 3) to base 11
1
-11 (base 4) to base 12
-5
What is -26 (base 10) in base 9?
-28
Convert 2 (base 3) to base 4.
2
What is -24 (base 7) in base 2?
-10010
Convert 46 (base 11) to base 15.
35
15 (base 7) to base 11
11
8 (base 11) to base 6
12
What is 24 (base 5) in base 12?
12
Convert -1 (base 16) to base 6.
-1
What is -111000 (base 2) in base 4?
-320
1 (base 12) to base 3
1
240 (base 7) to base 11
105
210 (base 9) to base 12
123
Convert 17 (base 14) to base 3.
210
What is 0 (base 5) in base 8?
0
-76 (base 9) to base 14
-4d
Convert -22 (base 4) to base 5.
-20
6a (base 12) to base 8
122
What is 3 (base 4) in base 8?
3
21 (base 5) to base 9
12
Convert -22120 (base 3) to base 10.
-231
Convert 2 (base 4) to base 13.
2
Convert 144 (base 6) to base 8.
100
Convert 4 (base 13) to base 10.
4
20 (base 3) to base 4
12
Convert -16 (base 7) to base 14.
-d
Convert 20 (base 3) to base 14.
6
Convert -47 (base 16) to base 2.
-1000111
What is 5 (base 7) in base 12?
5
Convert 143 (base 5) to base 16.
30
-3 (base 13) to base 9
-3
Convert 1 (base 10) to base 8.
1
What is c (base 16) in base 15?
c
What is 2 (base 4) in base 14?
2
10001 (base 2) to base 11
16
Convert 10011111 (base 2) to base 14.
b5
2 (base 11) to base 2
10
3 (base 6) to base 4
3
What is 4 (base 9) in base 4?
10
20 (base 11) to base 7
31
What is -1 (base 13) in base 5?
-1
What is 5 (base 13) in base 15?
5
Convert -6 (base 13) to base 12.
-6
-167 (base 8) to base 12
-9b
What is 11011 (base 2) in base 16?
1b
11 (base 9) to base 10
10
What is -21 (base 7) in base 2?
-1111
Convert 37 (base 15) to base 7.
103
Convert -111 (base 15) to base 11.
-1aa
What 